{"id":1354,"date":"2023-09-19T23:24:37","date_gmt":"2023-09-19T21:24:37","guid":{"rendered":"https:\/\/www.soutifdesport.com\/?page_id=1354"},"modified":"2024-03-05T16:45:29","modified_gmt":"2024-03-05T15:45:29","slug":"qui-sommes-nous","status":"publish","type":"page","link":"https:\/\/www.soutifdesport.com\/index.php\/qui-sommes-nous\/","title":{"rendered":"Qui sommes nous ?"},"content":{"rendered":"\n<p style=\"padding-right:var(--wp--preset--spacing--60);padding-left:var(--wp--preset--spacing--60)\"><strong>Qui sommes-nous<\/strong>&nbsp;?<\/p>\n\n\n\n<p style=\"padding-right:var(--wp--preset--spacing--60);padding-left:var(--wp--preset--spacing--60)\">Chez Soutif de sport, nous sommes plus qu\u2019une simple marque de soutiens-gorge. Nous sommes des passionn\u00e9s de sport et des experts en lingerie. Forts de notre exp\u00e9rience et de notre engagement envers le bien-\u00eatre des femmes, nous sommes fiers de vous pr\u00e9senter notre marque.<\/p>\n\n\n\n<p style=\"padding-right:var(--wp--preset--spacing--60);padding-left:var(--wp--preset--spacing--60)\"><strong>Notre Mission<\/strong><\/p>\n\n\n\n<p style=\"padding-right:var(--wp--preset--spacing--60);padding-left:var(--wp--preset--spacing--60)\">Notre mission est de permettre \u00e0 toutes les femmes de vivre leur passion pour le sport sans compromis. Nous avons fait un constat&nbsp;: les brassi\u00e8res de sport sont compliqu\u00e9es \u00e0 enfiler, obligeant \u00e0 des contorsions peu agr\u00e9ables. Nous avons donc conjugu\u00e9 notre savoir faire technique \u00e0 notre pratique sportive pour cr\u00e9er une collection de soutiens-gorges faciles \u00e0 enfiler et \u00e0 en enlever, tout en restant techniques et en maintenant votre poitrine lors de votre pratique sportive.<\/p>\n\n\n\n<p style=\"padding-right:var(--wp--preset--spacing--60);padding-left:var(--wp--preset--spacing--60)\"><strong>Notre Engagement<\/strong><\/p>\n\n\n\n<p style=\"padding-right:var(--wp--preset--spacing--60);padding-left:var(--wp--preset--spacing--60)\">Nous comprenons que la recherche du soutien-gorge de sport parfait peut parfois \u00eatre frustrante. C\u2019est pourquoi nous mettons toute notre expertise et notre passion dans la cr\u00e9ation de produits qui r\u00e9pondent \u00e0 vos besoins sp\u00e9cifiques. Nous nous effor\u00e7ons de vous offrir des soutiens-gorge qui allient performance, style et confort.<\/p>\n\n\n\n<p style=\"padding-right:var(--wp--preset--spacing--60);padding-left:var(--wp--preset--spacing--60)\"><strong>La Qualit\u00e9 Fran\u00e7aise<\/strong><\/p>\n\n\n\n<p style=\"padding-right:var(--wp--preset--spacing--60);padding-left:var(--wp--preset--spacing--60)\">Soutif de sport est une marque fran\u00e7aise. Nous avons cr\u00e9\u00e9 notre collection avec des partenaires fran\u00e7ais&nbsp;: le tissu est fabriqu\u00e9 pr\u00e8s de Lyon, les mod\u00e8les ont \u00e9t\u00e9 mis au point avec un atelier en Auvergne et tous les accessoires qui composent les mod\u00e8les sont fran\u00e7ais.<\/p>\n\n\n\n<p style=\"padding-right:var(--wp--preset--spacing--60);padding-left:var(--wp--preset--spacing--60)\"><strong>Rejoignez la Communaut\u00e9 Soutif de sport<\/strong><\/p>\n\n\n\n<p style=\"padding-right:var(--wp--preset--spacing--60);padding-left:var(--wp--preset--spacing--60)\">Nous sommes convaincus que chaque femme peut trouver son soutien-gorge de sport id\u00e9al chez Soutif de sport. Rejoignez notre communaut\u00e9 de femmes actives et partagez avec nous votre passion pour le sport ! D\u00e9couvrez nos collections, trouvez le soutien-gorge qui vous convient le mieux, et lib\u00e9rez tout votre potentiel sur le terrain, sur la piste ou dans la salle de sport.<\/p>\n\n\n\n<p style=\"padding-right:var(--wp--preset--spacing--60);padding-left:var(--wp--preset--spacing--60)\">Chez Soutif de sport, nous sommes l\u00e0 pour vous soutenir \u00e0 chaque \u00e9tape de votre parcours sportif. Parce que chaque femme m\u00e9rite de se sentir \u00e0 l\u2019aise, confiante et pr\u00eate \u00e0 battre des records, quels que soient ses objectifs et sa taille de poitrine.<\/p>\n\n\n\n<p style=\"padding-right:var(--wp--preset--spacing--60);padding-left:var(--wp--preset--spacing--60)\">Rejoignez-nous d\u00e8s aujourd\u2019hui et d\u00e9couvrez la diff\u00e9rence Soutif de sport !<\/p>\n","protected":false},"excerpt":{"rendered":"<p>Qui sommes-nous&nbsp;? Chez Soutif de sport, nous sommes plus qu\u2019une simple marque de soutiens-gorge. Nous sommes des passionn\u00e9s de sport et des experts en lingerie. Forts de notre exp\u00e9rience et de notre engagement envers le bien-\u00eatre des femmes, nous sommes fiers de vous pr\u00e9senter notre marque. Notre Mission Notre mission est de permettre \u00e0 toutes [&hellip;]<\/p>\n","protected":false},"author":2,"featured_media":0,"parent":0,"menu_order":0,"comment_status":"closed","ping_status":"closed","template":"","meta":{"_uag_custom_page_level_css":"","site-sidebar-layout":"default","site-content-layout":"","ast-site-content-layout":"default","site-content-style":"default","site-sidebar-style":"default","ast-global-header-display":"","ast-banner-title-visibility":"","ast-main-header-display":"","ast-hfb-above-header-display":"","ast-hfb-below-header-display":"","ast-hfb-mobile-header-display":"","site-post-title":"disabled","ast-breadcrumbs-content":"","ast-featured-img":"","footer-sml-layout":"","ast-disable-related-posts":"","theme-transparent-header-meta":"","adv-header-id-meta":"","stick-header-meta":"","header-above-stick-meta":"","header-main-stick-meta":"","header-below-stick-meta":"","astra-migrate-meta-layouts":"","ast-page-background-enabled":"default","ast-page-background-meta":{"desktop":{"background-color":"var(--ast-global-color-4)","background-image":"","background-repeat":"repeat","background-position":"center center","background-size":"auto","background-attachment":"scroll","background-type":"","background-media":"","overlay-type":"","overlay-color":"","overlay-opacity":"","overlay-gradient":""},"tablet":{"background-color":"","background-image":"","background-repeat":"repeat","background-position":"center center","background-size":"auto","background-attachment":"scroll","background-type":"","background-media":"","overlay-type":"","overlay-color":"","overlay-opacity":"","overlay-gradient":""},"mobile":{"background-color":"","background-image":"","background-repeat":"repeat","background-position":"center center","background-size":"auto","background-attachment":"scroll","background-type":"","background-media":"","overlay-type":"","overlay-color":"","overlay-opacity":"","overlay-gradient":""}},"ast-content-background-meta":{"desktop":{"background-color":"var(--ast-global-color-5)","background-image":"","background-repeat":"repeat","background-position":"center center","background-size":"auto","background-attachment":"scroll","background-type":"","background-media":"","overlay-type":"","overlay-color":"","overlay-opacity":"","overlay-gradient":""},"tablet":{"background-color":"var(--ast-global-color-5)","background-image":"","background-repeat":"repeat","background-position":"center center","background-size":"auto","background-attachment":"scroll","background-type":"","background-media":"","overlay-type":"","overlay-color":"","overlay-opacity":"","overlay-gradient":""},"mobile":{"background-color":"var(--ast-global-color-5)","background-image":"","background-repeat":"repeat","background-position":"center center","background-size":"auto","background-attachment":"scroll","background-type":"","background-media":"","overlay-type":"","overlay-color":"","overlay-opacity":"","overlay-gradient":""}},"footnotes":""},"class_list":["post-1354","page","type-page","status-publish","hentry"],"uagb_featured_image_src":{"full":false,"thumbnail":false,"medium":false,"medium_large":false,"large":false,"1536x1536":false,"2048x2048":false,"woocommerce_thumbnail":false,"woocommerce_single":false,"woocommerce_gallery_thumbnail":false},"uagb_author_info":{"display_name":"Dimitri Petit","author_link":"https:\/\/www.soutifdesport.com\/index.php\/author\/dimitri1001jouets-fr\/"},"uagb_comment_info":0,"uagb_excerpt":"Qui sommes-nous&nbsp;? Chez Soutif de sport, nous sommes plus qu\u2019une simple marque de soutiens-gorge. Nous sommes des passionn\u00e9s de sport et des experts en lingerie. Forts de notre exp\u00e9rience et de notre engagement envers le bien-\u00eatre des femmes, nous sommes fiers de vous pr\u00e9senter notre marque. Notre Mission Notre mission est de permettre \u00e0 toutes\u2026","jetpack_sharing_enabled":true,"_links":{"self":[{"href":"https:\/\/www.soutifdesport.com\/index.php\/wp-json\/wp\/v2\/pages\/1354","targetHints":{"allow":["GET"]}}],"collection":[{"href":"https:\/\/www.soutifdesport.com\/index.php\/wp-json\/wp\/v2\/pages"}],"about":[{"href":"https:\/\/www.soutifdesport.com\/index.php\/wp-json\/wp\/v2\/types\/page"}],"author":[{"embeddable":true,"href":"https:\/\/www.soutifdesport.com\/index.php\/wp-json\/wp\/v2\/users\/2"}],"replies":[{"embeddable":true,"href":"https:\/\/www.soutifdesport.com\/index.php\/wp-json\/wp\/v2\/comments?post=1354"}],"version-history":[{"count":7,"href":"https:\/\/www.soutifdesport.com\/index.php\/wp-json\/wp\/v2\/pages\/1354\/revisions"}],"predecessor-version":[{"id":2292,"href":"https:\/\/www.soutifdesport.com\/index.php\/wp-json\/wp\/v2\/pages\/1354\/revisions\/2292"}],"wp:attachment":[{"href":"https:\/\/www.soutifdesport.com\/index.php\/wp-json\/wp\/v2\/media?parent=1354"}],"curies":[{"name":"wp","href":"https:\/\/api.w.org\/{rel}","templated":true}]}}